What is the tens digit of h(l)?
3
Let z(x) = x**3 + 4*x - 235. What is the units digit of z(14)?
5
Let i(w) = 13 - 3 + 8 - 15*w + 25*w. What is the units digit of i(9)?
8
Let h(f) = -3*f**3 + 5*f**2 + 3*f - 4. What is the tens digit of h(-4)?
5
Let g(d) = 7*d**2 - 5*d + 6. Let v(x) = -x + 11. Let j be v(8). Let u be g(j). Suppose -4*y + 108 = 5*m + 33, -3*y + u = 3*m. What is the units digit of y?
5
Let b(g) = 10*g**3 + 2*g**2 + 8*g - 29. What is the hundreds digit of b(4)?
6
Suppose -10*t + 6309 + 43031 = 0. What is the tens digit of t?
3
Let b = 2003 + 1020. What is the units digit of b?
3
Let a(j) = -13*j**2 - 9*j - 7. Let u(f) = 3*f**2 + 2*f + 2. Let z(c) = 2*a(c) + 9*u(c). Let k = 9 - 6. What is the units digit of z(k)?
3
Let a be (8/10)/((-2)/5). Let f be (a - (0 - 4))*6. Suppose i = -m + f + 19, -3*i + 77 = -m. What is the units digit of i?
7
Let t(k) = 30*k**2 + 24*k + 26. What is the thousands digit of t(11)?
3
Suppose 7*n = 1076 + 107. Suppose 0 = w - 2*c - 53 + n, -2*c = 5*w + 640. What is the tens digit of (-1)/((-123)/w + -1)?
4
Let y(b) = -12*b**3 + 13*b**2 + 11*b - 3. What is the hundreds digit of y(-5)?
7
Suppose -6*p + 7*p = 5. Suppose -d = -4*v + 234, 0 = p*v - 2*d + 4*d - 299. What is the tens digit of v?
5
Suppose -4*n + 1935 = n + 2*d, 5*n - d = 1920. Suppose -4*m + 380 = 5*g, 5*g + 2*m = -m + n. What is the tens digit of g?
8
Let c(r) = r**3 + 16*r**2 + 12*r - 6. What is the tens digit of c(-8)?
1
Let w be 263/3 + 9/27. Suppose -4*s = -2*f - 93 - 251, 0 = -s + f + w. What is the units digit of s?
4
Let p(y) = 38*y**2 + 17*y - 21. What is the units digit of p(6)?
9
Suppose -5*o = -922 - 238. What is the hundreds digit of o?
2
Suppose 16 = -j + 3*j. Let l = 9 - j. Let g(r) = 3*r + 1. What is the units digit of g(l)?
4
Suppose 1453 = 5*o - v, -3*o = -8*o - 4*v + 1438. Let m = -127 + o. What is the hundreds digit of m?
1
Let u = -10 + 9. Let g be -194*u/(-6)*3. What is the units digit of g/(-3) - (-5)/(-15)?
2
Let d(g) = -g**3 - g. Let y(a) = 3*a**3 - 5*a**2 + 5*a + 1. Let u(h) = 2*d(h) + y(h). Let o be u(5). Let n = 5 + o. What is the units digit of n?
1
Let z = -506 - -544. What is the units digit of z?
8
Let p(f) = -2*f. Let v be p(1). Let u(h) = 4*h + 15. What is the units digit of u(v)?
7
Suppose -21 = -o + 146. What is the tens digit of o/(-2*6/(-24))?
3
Suppose -49 = -2*s + 47. Let t = s - -1. What is the units digit of t?
9
Suppose -3*l - 66 = -18. Let u be l/((-1 - -4)/(-3)). Suppose 2*w - 4*o + u - 40 = 0, 9 = 2*w - o. What is the units digit of w?
2
Let t = 6329 + -4332. What is the tens digit of t?
9
Suppose -5 = 5*o - 35. Suppose -o*h + 29 + 73 = 0. What is the units digit of h?
7
Let h = 1151 + 1742. What is the tens digit of h?
9
Let v(b) = 24*b + 1. Let k be v(1). Suppose k = 5*q + f, -3 - 2 = -q - 2*f. Suppose l + 1 - 8 = -2*i, -q*l - 21 = -4*i. What is the units digit of i?
4
Let s = 48 - 46. What is the units digit of -2 + (1 - s) - -85?
2
Suppose 5*s - 3*z + 9 = 2*s, 0 = -4*s - 2*z + 6. Suppose s = -5*w + 2*k - 4*k + 566, -3*w - 3*k = -336. What is the hundreds digit of w?
1
Let f(o) = 3*o**2 - 1. Let l be f(-1). Let y(j) = j + 12. Let g be y(3). Suppose -2*q - 92 = -5*t + g, -l*t + 2*q + 44 = 0. What is the units digit of t?
1
Suppose -13*j = -8*j - 340. What is the tens digit of (0 + j)/(2/(-4)*-4)?
3
Let y = 30 + -43. Let h = -10 - y. Let g = h + 2. What is the units digit of g?
5
Suppose -3*v = -12*v + 1206. What is the hundreds digit of v?
1
Suppose i + 38 + 4 = 0. Let q be (1 - -2)*i/9. Let r = 4 - q. What is the units digit of r?
8
Let j = 7 - 29. What is the units digit of (-4)/2 - (-4 + j)?
4
Suppose -453 = -j + 4*s, 5*j - 3*s = -5*s + 2353. What is the units digit of j?
9
Suppose 0 = f - 5*f - 12, 248 = w + 4*f. What is the hundreds digit of w?
2
What is the hundreds digit of ((-10158)/8)/((-377)/(-52) - 8)?
6
Let v = 77 - 75. Suppose -3*s + v*s = -5. What is the units digit of s?
5
Let z be 11/5 - (-1)/(-5). Suppose 14 = -z*r + 4*s, -2*r + r - 7 = 4*s. Let x = 35 + r. What is the tens digit of x?
2
Let q = -3016 - -4670. What is the thousands digit of q?
1
Suppose 0*v - 8 = v. Let f be (-478)/v + (-1)/(-4). Let o = -39 + f. What is the tens digit of o?
2
Let i be (6*(-3)/(-36))/(1/42). Suppose -5*f + i = -99. What is the tens digit of f?
2
Let l = -222 - -928. What is the hundreds digit of l?
7
Let y be 4*15/24*18. Suppose 0 = -5*f - 0*f - 2*m + 64, 10 = 5*m. Let c = f + y. What is the units digit of c?
7
Suppose 5*k + 18 = -12. Let g be (-2*2/4)/(2/(-20)). What is the units digit of (k - -8)/(1/g)?
0
Suppose -6201 = -18*l + 17649. What is the hundreds digit of l?
3
Suppose 3*i = 5*i - 16. Let h(z) = -z**2 - 2*z + 3. Let m be h(-3). Suppose m = 2*x - i - 26. What is the tens digit of x?
1
Let k(s) = s**3 - s**2 - 1. Let p(j) = -4*j**3 - 7*j**2 + 12*j. Let f(d) = -3*k(d) - p(d). What is the units digit of f(-9)?
2
Let l = -964 + 2075. What is the hundreds digit of l?
1
Suppose 0 = -3*g + 31 - 1. Let c(x) = -3*x**2 + 3*x + x**3 - 2 - 6 + g*x**2 + 3. What is the units digit of c(-6)?
3
Let u(p) = -2*p + 12. Let r be u(6). Suppose r = -3*d + 189 + 87. What is the units digit of d?
2
Let k(l) = l**2 - 9*l + 10. Let p be k(10). What is the tens digit of (-3 - -2)/((-2)/p)?
1
What is the units digit of -2*(-4 - (-9)/2) + 595?
4
What is the hundreds digit of 1 - 5/7 - (-927684)/1022?
9
Let b(d) = -d - 4. Let m be b(-9). Suppose 0*k + m*k = 0. Suppose 32*z - 27*z - 180 = k. What is the units digit of z?
6
Let r(l) = 45*l**2 - 6*l - 5. Let o(n) = -44*n**2 + 5*n + 4. Let y(w) = -3*o(w) - 2*r(w). Suppose 2*j = 5*j + 3. What is the units digit of y(j)?
3
Let h = -1 - 7. Let a = -8 + h. What is the units digit of (-298)/(-8) - (-4)/a?
7
Let i = 2 - -7. Let q(y) = -y + 18. Let g be q(i). Suppose 3*r + 3 = g. What is the units digit of r?
2
Suppose -5 = 5*f - 65. Let d = f + -3. What is the units digit of 3/d + (-113)/(-3)?
8
What is the units digit of 484 + -1 + (8 - 8)?
3
Let j(o) = o**3 + 7*o**2 - 10*o + 2. Let b be j(-7). Let r be (15/(-20))/(1/(-12)). Let y = b + r. What is the units digit of y?
1
Let h = 373 - 276. What is the tens digit of h?
9
Suppose -5*j + 5*i - 50 = 0, i - 36 = 4*j - 2*i. Let k(g) = -g**2 - 11*g - 15. What is the units digit of k(j)?
5
Let z = -4420 + 7352. What is the hundreds digit of z?
9
Let a(d) = 2*d**3 + 4*d**2 - 28*d + 110. What is the tens digit of a(9)?
4
Suppose 8*w - 2173 = 4315. What is the tens digit of w?
1
Suppose 5*z - 12 = -37, 0 = q - z - 616. What is the units digit of q?
1
Let g(r) be the first derivative of r**3/3 + 5*r**2/2 + 4*r + 5. Let s be g(-5). Suppose 4*t - 46 = -2*y, 0 = s*t + y - 4 - 45. What is the tens digit of t?
1
Suppose -5*l = -3*l - 2*i + 206, 3*l + 4*i + 344 = 0. Let q = l - -195. What is the tens digit of q?
8
Let b(d) be the second derivative of d**4/6 + d**3/3 + 4*d. What is the units digit of b(-10)?
0
Let o(i) = 9*i + 9*i - 20*i - 3 - 9. Let u be o(-6). Suppose -2*d - 3*d + 150 = u. What is the units digit of d?
0
Let l = 143 - -160. What is the hundreds digit of l?
3
Suppose 4*c - 12427 = 873. Suppose -11*r + c = 828. What is the units digit of r?
7
Suppose 1990 = -8*q + 5054. What is the units digit of q?
3
Let j be (-10)/2 - (3 + -4). What is the units digit of (-2)/(j/(-14))*(1 - 13)?
4
Suppose 3*u = 3*x - 0*x + 96, 2*u - x = 61. Let j = -18 - -5. Let n = u + j. What is the units digit of n?
6
Let u be (-9)/6*8 - -3. Let r = u + 11. Suppose -r*z = -45 - 17. What is the tens digit of z?
3
Let d(j) = -j**2 + 3*j - 30. Let g be d(13). What is the tens digit of (g/6)/(6/(-18))?
8
Let h = 1585 + -565. What is the tens digit of h?
2
Suppose 8*y + 16 = 6*y. Let v(k) = -k**3 - 6*k**2 - 8*k - 3. What is the hundreds digit of v(y)?
1
Suppose -3332*b + 3327*b + 12010 = 0. What is the units digit of b?
2
Let c(b) = -b**3 + 7*b**2 + 11*b - 11. Let i be c(8). Suppose -i + 178 = 5*l. What is the units digit of l?
3
Let i(z) = -10*z**3 - 11*z**2 - 6*z + 9. What is the tens digit of i(-4)?
9
What is the units digit of 96 - -13 - (5 + -3)*1?
7
Let b = 5 - 0. Let g be (-4)/(-6) + ((-712)/(-12) - 5). Suppose 5*r = b*z + g, 5*r - z + 21 - 64 = 0. What is the units digit of r?
8
Suppose -1 - 2 = -4*g + 5*v, -4*g - 5*v = -53. Let k(c) = c - 7. Let a be 